{"id":4470,"date":"2020-05-08T10:46:32","date_gmt":"2020-05-08T15:46:32","guid":{"rendered":"https:\/\/abco.com.mx\/?page_id=4470"},"modified":"2020-05-08T13:38:39","modified_gmt":"2020-05-08T18:38:39","slug":"elementor-4470","status":"publish","type":"page","link":"https:\/\/abco.com.mx\/?page_id=4470","title":{"rendered":"AVISO DE PRIVACIDAD"},"content":{"rendered":"\t\t<div data-elementor-type=\"wp-page\" data-elementor-id=\"4470\" class=\"elementor elementor-4470\">\n\t\t\t\t\t\t<section class=\"elementor-section elementor-top-section elementor-element elementor-element-27150af1 elementor-section-stretched elementor-section-boxed elementor-section-height-default elementor-section-height-default\" data-id=\"27150af1\" data-element_type=\"section\" data-settings=\"{&quot;background_background&quot;:&quot;classic&quot;,&quot;stretch_section&quot;:&quot;section-stretched&quot;}\">\n\t\t\t\t\t\t\t<div class=\"elementor-background-overlay\"><\/div>\n\t\t\t\t\t\t\t<div class=\"elementor-container elementor-column-gap-default\">\n\t\t\t\t\t<div class=\"elementor-column elementor-col-100 elementor-top-column elementor-element elementor-element-1ec725f\" data-id=\"1ec725f\" data-element_type=\"column\">\n\t\t\t<div class=\"elementor-widget-wrap elementor-element-populated\">\n\t\t\t\t\t\t<div class=\"elementor-element elementor-element-e82edc3 elementor-widget elementor-widget-image\" data-id=\"e82edc3\" data-element_type=\"widget\" data-widget_type=\"image.default\">\n\t\t\t\t<div class=\"elementor-widget-container\">\n\t\t\t\t\t\t\t\t\t\t\t\t\t<img decoding=\"async\" width=\"150\" height=\"150\" src=\"https:\/\/abco.com.mx\/wp-content\/uploads\/2020\/02\/LOGO-BLANCO_Mesa-de-trabajo-1-copia-e1602771358525-150x150.png\" class=\"attachment-thumbnail size-thumbnail wp-image-4320\" alt=\"\" srcset=\"https:\/\/abco.com.mx\/wp-content\/uploads\/2020\/02\/LOGO-BLANCO_Mesa-de-trabajo-1-copia-e1602771358525-150x150.png 150w, https:\/\/abco.com.mx\/wp-content\/uploads\/2020\/02\/LOGO-BLANCO_Mesa-de-trabajo-1-copia-e1602771358525-250x250.png 250w, https:\/\/abco.com.mx\/wp-content\/uploads\/2020\/02\/LOGO-BLANCO_Mesa-de-trabajo-1-copia-e1602771358525-174x174.png 174w\" sizes=\"(max-width: 150px) 100vw, 150px\" \/>\t\t\t\t\t\t\t\t\t\t\t\t\t<\/div>\n\t\t\t\t<\/div>\n\t\t\t\t<div class=\"elementor-element elementor-element-cdfdcf4 elementor-widget elementor-widget-heading\" data-id=\"cdfdcf4\" data-element_type=\"widget\" data-widget_type=\"heading.default\">\n\t\t\t\t<div class=\"elementor-widget-container\">\n\t\t\t<h2 class=\"elementor-heading-title elementor-size-default\">AVISO DE PRIVACIDAD<\/h2>\t\t<\/div>\n\t\t\t\t<\/div>\n\t\t\t\t\t<\/div>\n\t\t<\/div>\n\t\t\t\t\t<\/div>\n\t\t<\/section>\n\t\t\t\t<section class=\"elementor-section elementor-top-section elementor-element elementor-element-1f2464d elementor-section-boxed elementor-section-height-default elementor-section-height-default\" data-id=\"1f2464d\" data-element_type=\"section\">\n\t\t\t\t\t\t<div class=\"elementor-container elementor-column-gap-default\">\n\t\t\t\t\t<div class=\"elementor-column elementor-col-100 elementor-top-column elementor-element elementor-element-d667ab4\" data-id=\"d667ab4\" data-element_type=\"column\">\n\t\t\t<div class=\"elementor-widget-wrap elementor-element-populated\">\n\t\t\t\t\t\t<div class=\"elementor-element elementor-element-e105166 elementor-widget elementor-widget-spacer\" data-id=\"e105166\" data-element_type=\"widget\" data-widget_type=\"spacer.default\">\n\t\t\t\t<div class=\"elementor-widget-container\">\n\t\t\t\t\t<div class=\"elementor-spacer\">\n\t\t\t<div class=\"elementor-spacer-inner\"><\/div>\n\t\t<\/div>\n\t\t\t\t<\/div>\n\t\t\t\t<\/div>\n\t\t\t\t\t<\/div>\n\t\t<\/div>\n\t\t\t\t\t<\/div>\n\t\t<\/section>\n\t\t\t\t<section class=\"elementor-section elementor-top-section elementor-element elementor-element-2633bee elementor-section-boxed elementor-section-height-default elementor-section-height-default\" data-id=\"2633bee\" data-element_type=\"section\">\n\t\t\t\t\t\t<div class=\"elementor-container elementor-column-gap-default\">\n\t\t\t\t\t<div class=\"elementor-column elementor-col-100 elementor-top-column elementor-element elementor-element-82107c3\" data-id=\"82107c3\" data-element_type=\"column\">\n\t\t\t<div class=\"elementor-widget-wrap elementor-element-populated\">\n\t\t\t\t\t\t<div class=\"elementor-element elementor-element-cb25484 elementor-widget elementor-widget-text-editor\" data-id=\"cb25484\" data-element_type=\"widget\" data-widget_type=\"text-editor.default\">\n\t\t\t\t<div class=\"elementor-widget-container\">\n\t\t\t\t\t\t\t<p style=\"padding-left: 40px;\"><style>\n<!--<br \/> \/* Font Definitions *\/<br \/> @font-face<br \/>\t{font-family:\"Cambria Math\";<br \/>\tpanose-1:2 4 5 3 5 4 6 3 2 4;<br \/>\tmso-font-charset:0;<br \/>\tmso-generic-font-family:roman;<br \/>\tmso-font-pitch:variable;<br \/>\tmso-font-signature:3 0 0 0 1 0;}<br \/>@font-face<br \/>\t{font-family:Calibri;<br \/>\tpanose-1:2 15 5 2 2 2 4 3 2 4;<br \/>\tmso-font-charset:0;<br \/>\tmso-generic-font-family:swiss;<br \/>\tmso-font-pitch:variable;<br \/>\tmso-font-signature:-536859905 -1073732485 9 0 511 0;}<br \/>@font-face<br \/>\t{font-family:Raleway;<br \/>\tpanose-1:2 11 0 3 3 1 1 6 0 3;<br \/>\tmso-font-charset:0;<br \/>\tmso-generic-font-family:swiss;<br \/>\tmso-font-pitch:variable;<br \/>\tmso-font-signature:-1610612545 1342177371 0 0 147 0;}<br \/> \/* Style Definitions *\/<br \/> p.MsoNormal, li.MsoNormal, div.MsoNormal<br \/>\t{mso-style-unhide:no;<br \/>\tmso-style-qformat:yes;<br \/>\tmso-style-parent:\"\";<br \/>\tmargin:0cm;<br \/>\tmargin-bottom:.0001pt;<br \/>\tmso-pagination:widow-orphan;<br \/>\tfont-size:12.0pt;<br \/>\tfont-family:\"Calibri\",sans-serif;<br \/>\tmso-ascii-font-family:Calibri;<br \/>\tmso-ascii-theme-font:minor-latin;<br \/>\tmso-fareast-font-family:Calibri;<br \/>\tmso-fareast-theme-font:minor-latin;<br \/>\tmso-hansi-font-family:Calibri;<br \/>\tmso-hansi-theme-font:minor-latin;<br \/>\tmso-bidi-font-family:\"Times New Roman\";<br \/>\tmso-bidi-theme-font:minor-bidi;<br \/>\tmso-fareast-language:EN-US;}<br \/>a:link, span.MsoHyperlink<br \/>\t{mso-style-priority:99;<br \/>\tcolor:#0563C1;<br \/>\tmso-themecolor:hyperlink;<br \/>\ttext-decoration:underline;<br \/>\ttext-underline:single;}<br \/>a:visited, span.MsoHyperlinkFollowed<br \/>\t{mso-style-noshow:yes;<br \/>\tmso-style-priority:99;<br \/>\tcolor:#954F72;<br \/>\tmso-themecolor:followedhyperlink;<br \/>\ttext-decoration:underline;<br \/>\ttext-underline:single;}<br \/>.MsoChpDefault<br \/>\t{mso-style-type:export-only;<br \/>\tmso-default-props:yes;<br \/>\tfont-family:\"Calibri\",sans-serif;<br \/>\tmso-ascii-font-family:Calibri;<br \/>\tmso-ascii-theme-font:minor-latin;<br \/>\tmso-fareast-font-family:Calibri;<br \/>\tmso-fareast-theme-font:minor-latin;<br \/>\tmso-hansi-font-family:Calibri;<br \/>\tmso-hansi-theme-font:minor-latin;<br \/>\tmso-bidi-font-family:\"Times New Roman\";<br \/>\tmso-bidi-theme-font:minor-bidi;<br \/>\tmso-fareast-language:EN-US;}size:612.0pt 792.0pt;<br \/>\tmargin:70.85pt 3.0cm 70.85pt 3.0cm;<br \/>\tmso-header-margin:35.4pt;<br \/>\tmso-footer-margin:35.4pt;<br \/>\tmso-paper-source:0;}<br \/>div.WordSection1<br \/>\t{page:WordSection1;}<\/style><\/p><p><span lang=\"ES\" style=\"font-family: 'Raleway',sans-serif; mso-ansi-language: ES;\">ABCO S.A DE C.V. con domicilio en Circuito Dr. Gustavo Baz No. 8 Col. Ex Hacienda del Pedregal, Atizap\u00e1n de Zaragoza, Estado de M\u00e9xico, C.P. 52948\u00a0 es responsable del tratamiento de sus datos personales, del uso que se les d\u00e9 a los mismos y de su protecci\u00f3n.<\/span><\/p><p><span lang=\"ES\" style=\"font-family: 'Raleway',sans-serif; mso-ansi-language: ES;\">Su informaci\u00f3n personal ser\u00e1 utilizada para proveer los servicios y productos que ha solicitado, informarle sobre cambios en los mismos y evaluar la calidad del servicio que le brindamos. <\/span><\/p><p><span lang=\"ES\" style=\"font-family: 'Raleway',sans-serif; mso-ansi-language: ES;\">\u00a0<\/span><span lang=\"ES\" style=\"font-family: 'Raleway',sans-serif; mso-ansi-language: ES;\">Le recordamos que en materia de protecci\u00f3n de datos personales usted podr\u00e1 ejercer sus derechos denominados \u201cARCO\u201d de cuerdo a lo siguiente:<\/span><\/p><p style=\"padding-left: 40px;\"><b><span lang=\"ES\" style=\"font-family: 'Raleway',sans-serif; mso-ansi-language: ES;\">Acceso:<\/span><\/b><span lang=\"ES\" style=\"font-family: 'Raleway',sans-serif; mso-ansi-language: ES;\"> Podr\u00e1 elegir la manera de comunicarse con nosotros ya sea v\u00eda telef\u00f3nica al tel\u00e9fono 55 50 77 51 97 o v\u00eda electr\u00f3nica al correo: <a href=\"mailto:postventa@abco.com.mx\">postventa@abco.com.mx<\/a>, para saber si ABCO cuenta con sus datos personales.<\/span><\/p><p style=\"padding-left: 40px;\"><b><span lang=\"ES\" style=\"font-family: 'Raleway',sans-serif; mso-ansi-language: ES;\">Rectificaci\u00f3n<\/span><\/b><span lang=\"ES\" style=\"font-family: 'Raleway',sans-serif; mso-ansi-language: ES;\">: Usted podr\u00e1 solicitarnos que cualquiera de sus datos sea corregido, en caso de que tengamos registrado alguno err\u00f3neamente.<\/span><\/p><p style=\"padding-left: 40px;\"><b><span lang=\"ES\" style=\"font-family: 'Raleway',sans-serif; mso-ansi-language: ES;\">Cancelaci\u00f3n: <\/span><\/b><span lang=\"ES\" style=\"font-family: 'Raleway',sans-serif; mso-ansi-language: ES;\">Podr\u00e1 pedir que cancelemos o demos de baja sus datos siempre y cuando exista una causa que justifique dicha acci\u00f3n y no tenga obligaci\u00f3n pendiente de cubrir a ABCO. <\/span><\/p><p style=\"padding-left: 40px;\"><b><span lang=\"ES\" style=\"font-family: 'Raleway',sans-serif; mso-ansi-language: ES;\">Oposici\u00f3n:<\/span><\/b><span lang=\"ES\" style=\"font-family: 'Raleway',sans-serif; mso-ansi-language: ES;\"> En caso de que usted no tenga relaci\u00f3n u obligaci\u00f3n legal alguna con nosotros y decida no contratar ninguno de nuestros servicios, puede hacer uso de este derecho, no compartiendo dato alguno.<\/span><\/p><p>\u00a0<\/p><p style=\"text-align: center;\"><span lang=\"ES\" style=\"font-family: 'Raleway',sans-serif; mso-ansi-language: ES;\">ABCO S.A DE C.V. se compromete a que su informaci\u00f3n ser\u00e1 tratada bajo las m\u00e1s estrictas medidas de seguridad que garanticen su confidencialidad.<\/span><\/p><p><span lang=\"ES\" style=\"font-family: 'Raleway',sans-serif; mso-ansi-language: ES;\"><span style=\"mso-spacerun: yes;\">\u00a0<\/span><\/span><\/p><p>\u00a0<\/p>\t\t\t\t\t\t<\/div>\n\t\t\t\t<\/div>\n\t\t\t\t\t<\/div>\n\t\t<\/div>\n\t\t\t\t\t<\/div>\n\t\t<\/section>\n\t\t\t\t<\/div>\n\t\t","protected":false},"excerpt":{"rendered":"<p>AVISO DE PRIVACIDAD ABCO S.A DE C.V. con domicilio en Circuito Dr. Gustavo Baz No. 8 Col. Ex Hacienda del Pedregal, Atizap\u00e1n de Zaragoza, Estado de M\u00e9xico, C.P. 52948\u00a0 es responsable del tratamiento de sus datos personales, del uso que se les d\u00e9 a los mismos y de su protecci\u00f3n. Su informaci\u00f3n personal ser\u00e1 utilizada <a href=\"https:\/\/abco.com.mx\/?page_id=4470\" rel=\"nofollow\"><span class=\"sr-only\">Leer m\u00e1sAVISO DE PRIVACIDAD<\/span>[&hellip;]<\/a><\/p>\n","protected":false},"author":1,"featured_media":0,"parent":0,"menu_order":0,"comment_status":"closed","ping_status":"closed","template":"","meta":{"_joinchat":[]},"_links":{"self":[{"href":"https:\/\/abco.com.mx\/index.php?rest_route=\/wp\/v2\/pages\/4470"}],"collection":[{"href":"https:\/\/abco.com.mx\/index.php?rest_route=\/wp\/v2\/pages"}],"about":[{"href":"https:\/\/abco.com.mx\/index.php?rest_route=\/wp\/v2\/types\/page"}],"author":[{"embeddable":true,"href":"https:\/\/abco.com.mx\/index.php?rest_route=\/wp\/v2\/users\/1"}],"replies":[{"embeddable":true,"href":"https:\/\/abco.com.mx\/index.php?rest_route=%2Fwp%2Fv2%2Fcomments&post=4470"}],"version-history":[{"count":4,"href":"https:\/\/abco.com.mx\/index.php?rest_route=\/wp\/v2\/pages\/4470\/revisions"}],"predecessor-version":[{"id":4476,"href":"https:\/\/abco.com.mx\/index.php?rest_route=\/wp\/v2\/pages\/4470\/revisions\/4476"}],"wp:attachment":[{"href":"https:\/\/abco.com.mx\/index.php?rest_route=%2Fwp%2Fv2%2Fmedia&parent=4470"}],"curies":[{"name":"wp","href":"https:\/\/api.w.org\/{rel}","templated":true}]}}